 be w(3). Let h be ((-6)/(-4))/(c/56). What is r(h)?
1
Let f be 48/104 + (-230)/(-65). Let u(c) be the third derivative of 0*c - 1/6*c**3 + 0 + 1/24*c**f - 13*c**2. What is u(-5)?
-6
Let f be 3/9*0 + 32. Let j be f/18 + (-4)/(-18). Let q(x) = -2*x**2 - 1 + x + 0*x**2 + 4*x**2 - x**2. Calculate q(j).
5
Let b = -136 + 34. Let d = -97 - b. Let a(p) = -p**3 + 6*p**2 - 6*p + 4. Calculate a(d).
-1
Suppose 0 = -6*n - 0*n + 90. Let l = n + -1. Suppose 4*b + 52 = -4*q, -b - 2*b = -2*q + l. Let y(s) = s**2 + 8*s + 2. Calculate y(b).
2
Let n(k) = 2*k**2 + 11*k - 3. Let w be n(-6). Let v(c) = w*c - 3 + 6 + 451*c**2 + c**3 - 445*c**2. Determine v(-6).
-15
Let n(y) be the first derivative of -y**4/4 - 3*y**3 - 4*y**2 - 3*y - 73. Determine n(-8).
-3
Let r(u) = -u**3 - 6*u**2 - 5*u + 6. Let q(m) = -m**2 + 4. Let b be q(5). Let f = -26 - b. Determine r(f).
6
Suppose -4*v + 3*h + 0 = -3, 2*v = h + 1. Let c(u) = -u**3 - u**2 - u + 2. Let r(b) = 5*b**3 + 5*b**2 + 6*b - 6. Let p(f) = 6*c(f) + r(f). Determine p(v).
6
Let b(m) = -17*m**3 - 2*m**2 + 1. Suppose 0*k - 17 = -2*k - 3*j, 23 = -2*k + 5*j. Determine b(k).
-18
Let m(b) = b**2 + 0 - 4 + 15*b + 5 - 6*b. Suppose -2*n - 5*r + 0*r - 28 = 0, -2*n = -5*r + 8. What is m(n)?
1
Let b(a) = -30*a - 105. Let v(q) = -6*q - 21. Let j(x) = -4*b(x) + 21*v(x). Determine j(-5).
9
Let l = 48 - 46. Let h(v) = 4*v**2 - 3 - v**2 + 0*v**l - 2*v - 4*v**2. Give h(3).
-18
Suppose -33*r + 30*r = 0. Let o(w) = -w**3 + w**2 - 5. Give o(r).
-5
Let y(i) = i**2 + 4*i + 3. Let l be (1 + (-6)/10)/((-20)/200). What is y(l)?
3
Let a(u) = -u**2 + u - 1. Let p(z) = z**3 - 4*z**2 - 10*z + 18. Let s(q) = -5*a(q) - p(q). Calculate s(9).
32
Let k(j) = -3*j**2 - 6*j**3 + 2*j - 2 - 5*j + j. Let v(z) = -12*z**3 - 5*z**2 - 4*z - 3. Let t(h) = 5*k(h) - 3*v(h). Suppose 0 = 4*d - 10 + 6. Calculate t(d).
7
Let n(w) be the second derivative of w**3 - 3*w**2/2 + 10*w. Suppose -9*b = -0*b - 18. Calculate n(b).
9
Let d be (-9)/(-2) + 1/2. Let r(b) = 2*b + 14. Let y(p) = -2*p - 17. Let v(c) = 7*r(c) + 6*y(c). Determine v(d).
6
Let y(q) = -q**2 - 2*q - 11. Suppose -o = -2*i - i, -3*i = 3*o. Give y(i).
-11
Let m(g) be the second derivative of g**4/12 + g**3/2 - g**2 - g. Let v be -2 - 3 - (-5 + 2). Give m(v).
-4
Suppose -5*m = -i + 31, 2*i - 37 + 10 = 3*m. Let d(o) = -o**3 + 3*o - 9 + o + 6*o**2 - 2*o. Determine d(i).
3
Let u(c) be the third derivative of -c**4/12 + 7*c**3/6 + 2*c**2 + 3*c. Calculate u(-5).
17
Let t = 1609 - 1593. Let d(n) = -2*n**2 + 34*n - 36. Give d(t).
-4
Let d(w) = -3*w - 6. Let q = 184 + -192. Determine d(q).
18
Let x(o) be the second derivative of 2*o**3/3 + 6*o**2 + 16*o + 2. Determine x(-4).
-4
Let i(d) = -2*d + 12. Let u be (7 - 408/56)/(14/(-245)). Calculate i(u).
2
Let y(h) = 4*h - 82 + 243 - 2*h - 77 - 88. Calculate y(-4).
-12
Let q(d) = -2*d**2 + 2*d. Let z(n) = n**3 - 20*n**2 + 63*n + 18. Let l be z(16). Calculate q(l).
-4
Let j(m) = -m**2 - 8*m - 1. Let l = -23 + 16. Let r be j(l). Let z(s) be the third derivative of s**4/8 - 2*s**3/3 - 33*s**2. Determine z(r).
14
Let c(f) be the second derivative of f**4/12 - 2*f**3/3 + f. Let z be (-162)/(-108) - ((-18)/(-45))/(4/(-25)). Determine c(z).
0
Let q be 7/28*(14 - 2). Let o be 27/q - (4 - 6). Let w = -16 + o. Let l(j) = -j**2 - 5*j + 7. What is l(w)?
7
Let c(q) = 11*q**3 - 2 - 45*q**3 - 2*q + 8*q**3 + 27*q**3 + 28*q**3. Calculate c(-1).
-29
Let x(n) be the third derivative of n**6/360 + n**5/30 + n**4/6 - 11*n**3/6 - 25*n**2. Let q(h) be the first derivative of x(h). Give q(-4).
4
Suppose 0 = -4*r + i - 28, 5*i + 1 = r + 8. Let j = r - -2. Let n(y) be the second derivative of y**5/20 + y**4/3 - y**3/2 + 7*y**2/2 - 7*y. Calculate n(j).
-3
Let m(d) be the first derivative of d**3/3 + 7*d**2 - 15*d + 239. Give m(-13).
-28
Let w(n) = -n + 12. Let t(j) = j - 25. Let d(u) = 4*t(u) + 9*w(u). Let v(o) = 4*o - 8. Let q(h) = 5*d(h) + 6*v(h). Give q(8).
-16
Suppose 0*i = 2*i - 6. Let o = 77 - 70. Let s(l) = 3*l**2 + 2 - 6 - l**3 + l + o. Calculate s(i).
6
Let z(m) = -m**3 + 3*m**2 + 5*m - 4. Let o be z(4). Let x = 96 - 68. Let q(p) = 24 - x + p + 0*p**2 + p**2. Determine q(o).
-4
Let d = 19 + -13. Suppose 0*f - 25 = -4*y - 3*f, 0 = 5*f + 25. Let p(r) = -1 - 9*r + r + 4 - 3*r**2 + y*r**2 - r**3. Calculate p(d).
-9
Suppose h - 11 - 6 = -4*n, 2*n + h - 9 = 0. Let j(y) = -y**2 - 1. Let z(q) = q**3 - 7*q**2 - 2*q - 3. Let u(f) = 3*j(f) - z(f). Calculate u(n).
8
Let v(s) = -s**3 - 4*s**2 + 45*s + 0*s**2 - 47*s. Let p = 74 - 77. Give v(p).
-3
Let j(m) = -m**3 + 11*m**2 + m - 6. Let b be j(11). Let q(l) be the third derivative of -l**4/24 + l**3/6 - 6*l**2 - 5. Calculate q(b).
-4
Let b(z) = -11*z. Let d be b(-3). Let n = d + -31. Let r(m) = -m**2 + 6*m - 3. Determine r(n).
5
Let h(l) = l**3 + 6*l**2 + 4*l - 6. Let d = -12 + 20. Let g be (d/(-5))/((-2)/(-5)). Let v be (-17 - -13)*(-5)/g. Calculate h(v).
-1
Let k(t) = -t**3 + 11*t**2 + 12*t - 7. Let p = 713 + -701. What is k(p)?
-7
Let q(y) be the first derivative of -y**3/3 - 2*y**2 + y + 4. Let w = -103 + 100. Calculate q(w).
4
Let m(d) = -d**3 - 3*d**2 + 7*d + 6. Let p(f) = 5*f + 25. Let x(s) = 2*s - 22. Let t be x(8). Let w be p(t). Give m(w).
21
Let n(x) be the second derivative of -x**4/4 + x**3/2 + 5*x**2 - 17*x. Let i(h) be the first derivative of n(h). What is i(2)?
-9
Let j(d) = 6 + 10*d**2 - 4*d**2 - 9*d - 10*d**2 - 7*d**2 - d**3. Calculate j(-10).
-4
Let x = 208 - 213. Let z(m) = -m**2 - 5*m - 5. Calculate z(x).
-5
Suppose 4*f - 7 = 3*r - f, -5*f + 14 = 4*r. Let n(q) = -43*q - 9. Let t(b) = -22*b - 5. Let d(x) = 4*n(x) - 7*t(x). Calculate d(r).
-19
Suppose 3*j - 8*j = -60. Suppose 4*o = 2*o - j. Let d(w) = 3*w + w**3 + 2*w**2 + 7 + 4*w - 12*w + 3*w**2. What is d(o)?
1
Let x(t) be the second derivative of -1/12*t**4 + 0 + 1/6*t**3 + 3/2*t**2 - 2*t. Determine x(0).
3
Let a(h) = 18*h**2. Let s(q) = q**2 - 7*q - 23. Let n be s(-5). Let o = -38 + n. Calculate a(o).
18
Let t(h) be the second derivative of h**4/12 - 2*h**3/3 - 12*h**2 - h + 223. Give t(-3).
-3
Let k(v) = v**3 + 8*v**2 + 2*v + 2. Let z(c) = -c**3 - c**2 - c - 2. Let x(n) = -k(n) - 2*z(n). Give x(3).
-25
Let z(s) = -s**3 - 4*s**2 - 3*s - 3. Let t = 257 + -261. What is z(t)?
9
Let y(l) be the third derivative of l**5/30 + l**4/6 - l**3/2 - 22*l**2 - l. Calculate y(2).
13
Let y(w) = 18*w**3 + 48*w**2. Let m(b) = 6*b**3 + 17*b**2. Let g(u) = -17*m(u) + 6*y(u). Give g(1).
5
Let x(h) = h**2 - 4*h - 3. Let p be 10*((-72)/20 + 4). Let n be (p*4/6 + -3)*-12. Determine x(n).
-3
Let d(t) = -t**2 - 19*t + 43. Let a be (-18)/24 - 405/20. Calculate d(a).
1
Let b(t) be the second derivative of -t**3/3 + 2*t**2 - 13*t + 3. Give b(-4).
12
Let a(u) = -24*u + 2. Let x(k) = 5*k - 1. Let v(b) = -3*a(b) - 14*x(b). Determine v(-9).
-10
Suppose 15*w = 3*w + 60. Let j(m) = m**2 - 9*m - 1. What is j(w)?
-21
Suppose -2*f - 4 = 3*g, 2*f = -g - 0*f. Let t(v) = 6*v**2 - 26*v. Let z(x) = -x**2 + 5*x. Let o(m) = -2*t(m) - 11*z(m). Determine o(g).
2
Let l(h) = -h - 4. Suppose 0 = 3*x + 8 + 7. What is l(x)?
1
Let k(g) be the second derivative of 7*g**3/6 + 7*g**2/2 + 21*g - 2. Let z(s) = 4*s - 2*s - s. Let u(d) = k(d) - 6*z(d). Determine u(-3).
4
Let k(v) = v**3 + 3*v**2 - 4*v - 3. Suppose -5*m + 16 = 6. Suppose 2*p + 5 = m*r - 5, p - 4*r = -14. Give k(p).
9
Suppose -p = 4*j - 39, -p = -5*p - 2*j + 86. Let s(u) = u - 3 - 10 - 5 + p. Calculate s(-7).
-6
Let a(n) = 11*n + 4. Suppose -s = 4*s - 4*f - 15, 3 = s + 2*f. Give a(s).
37
Let m(z) be the third derivative of -1/24*z**4 + 5*z**2 - 1/20*z**5 - 1/6*z**3 + 0 + 0*z. Let l(x) be the first derivative of m(x). Calculate l(-1).
5
Let f(g) be the first derivative of g**3 - 5*g**2/2 - 8*g - 4. Let m(u) = 7*u**2 - 11*u - 17. Let x(y) = -9*f(y) + 4*m(y). What is x(-3)?
10
Let z(x) = x**2 + 11*x + 7. Suppose 1009 - 998 = -o. Give z(o).
7
Suppose u - 3 - 2 = 0. Let j(o) be the second derivative of -o**3/2 + o**2/2 - 58*o - 2. Calculate j(u).
-14
Let i(v) = v**2 - 10. Let w = -17 + 11. Let a be (10/w)/((-1)/(-9)). Let n be 0*(3 - a/(-6)). Calculate i(n).
-10
Let x = -32 + 32. Let p(v) be the second derivative of -v**4/12 - 11*v**2/2 + 10*v. Determine p(x).
-11
Let s(f) = 2*f**3 - 14*f**2 - 2*f + 11. Let c be s(7). Let m(j) = 11*j + 13. What is m(c)?
-20
Let z(d) = 3*d - 16 + 